 + -7 - -8
25
What is -1 + -32 - (262 - 125 - 147)?
-23
Calculate 37 + -31 + 82 + (-15 - 17).
56
Calculate (5267 - 5169) + (-1 - 67).
30
Evaluate -35 + (-14 - -4) + 89.
44
0 + 23 - (25 + 53 + -142 + 38)
49
Calculate 4 + -8 + 6 + 6 + 4 + 0 + -40.
-28
Evaluate 56 - (-5 + 6 - (-18 + (6 - -7))).
50
(285 - 273) + -5 + 12 + -7
12
Calculate (-11 - -1) + (-40 + 48 - -14).
12
Calculate 9 + (1 + (-8 - -7) - (4 - -19)) - -56.
42
What is -8 + 1 + -8 + -63 + 70 + 43?
35
(-5 + 9 + -1 - 3 - -11) + 20 + 17
48
23 - -2 - (94 + -28 + -52)
11
What is -1 + (26 + -6 - 5) + (-187 - -61) + 8?
-104
What is 20 - (-18 + -4 + (-1 - (-3 - 62)))?
-22
Evaluate -1 - ((-31 - -28) + 35 - (1 - -6)).
-26
Calculate 30 + ((15 - 18) + 11 - -8) + -5 + -2.
39
34 + 0 + -12 + -12 + (-7 - 2)
1
What is 135 + 11 - (185 - -1)?
-40
Evaluate (5 + -9 - (-44 + 6)) + -10 + -1.
23
What is -1 - (0 - (0 - 10) - (-23083 - -23006))?
-88
Evaluate 45 + (-24 + 16 - (-7 - -2)).
42
-76 - (42 + -133 + 49) - 3
-37
What is -35 - (-37 - -24) - (-153 - -12 - -2)?
117
What is (-4 - -3 - (-52 + 30 - -16)) + 11 + 1?
17
Calculate 18 - 9 - (120 - (49 + -55)).
-117
Calculate (-5 + 17 - 6) + 3 + -5 + -37.
-33
-2 + -23 - (4 + 15) - -10
-34
(-79 - 56) + 135 - (84 + -2 - 0)
-82
Calculate -1 + -63 + 74 + (-15 - -3) + -14.
-16
Calculate -10 + (4 - 11) + (52 - 9).
26
Evaluate (-13 + 2 - (87 + -107)) + -57.
-48
Calculate (26 - 27) + 4 - (-28 + 3).
28
Calculate (0 - 1 - -16) + (2 - -66 - 56).
27
-42 + 0 - (57 + -155 + 65 + 49)
-58
83 + (-85 - -72) + -30
40
Calculate (-6 - -1) + -112 + 25 + -3.
-95
Calculate (-74 - 25) + 227 - 34.
94
Evaluate 311 + -284 - ((24 - (2 - -1)) + -2).
8
Calculate 60 + (-50 - -11) - (15 + -1).
7
Calculate 111 + -392 + 66 + 123.
-92
Evaluate 3 - (31 - (-9 - (-10 + -11))) - -6.
-10
Evaluate -6 + (-148 - -54) - -86.
-14
What is (128 - 81) + (-13 + 22 - 1)?
55
Evaluate 85 + -79 + (-4 + -49 + -4 - -4).
-47
Evaluate (3 - -28) + -1346 + 1382.
67
Calculate -6 + 60 + (-9 - (5 - -2)).
38
Calculate (80 - 17 - -7) + -36.
34
What is the value of (-197 - -181) + 5 + 1 + -3?
-13
Calculate (-81 - (-99 - -68)) + 4.
-46
What is the value of 21 + -1 + 1 - (3949 + -3959)?
31
What is 97 + (-22 + 65 - 81)?
59
What is the value of (-5 + 32 - 146 - -13) + 17 + 1?
-88
What is the value of 1099 + -1103 + (-18 + -1 - 0)?
-23
-51 - (-123 - -47 - -28)
-3
Calculate 26 + 1 - -3 - 0 - (-1704 - -1688).
46
What is the value of -24 + 10 + -55 + (2 - -19)?
-48
-4 - (-1 - (-16 - (-5 - -7))) - 27
-48
Evaluate -104 + 47 + -6 - -69.
6
Evaluate -46 + 7 + -30 + 52.
-17
Evaluate (-92 - -83) + -91 + -45.
-145
What is the value of (82 - 74 - (3 + -3)) + 27?
35
Calculate 3 + (-3 - -2) + 4 + (-30 - -26) + -86.
-84
Calculate 3 + 5 + -7 - 108 - 11 - -14.
-104
What is the value of -2 - ((-9 - -1) + (136 - 64 - 80))?
14
Calculate 7 - -5 - (73 + (-4 - (6 - 1 - 11))).
-63
Evaluate -44 - ((13 - 3 - (3 + 10 + 4)) + 10).
-47
Calculate 89 + -56 + -17 - 40.
-24
Calculate 0 + (16 - (0 - (-21 - 9))) + 32 + -1.
17
What is -55 + 45 + (-21 - -22 - (1 + 2) - 3)?
-15
What is 8 + (1 - 18) + -11 + 2 + 12?
-6
Calculate 22 - (11 + 5 + (4 - -48)).
-46
What is the value of -3 - ((-8 - 2) + -75 + 1 + 274 + -285)?
92
41 + 10 + -19 + -44
-12
What is the value of -2 + 30 + (19 - 26)?
21
What is -13 + -1 - (32 - -74 - (2 + 3))?
-115
Calculate -17 + 25 + -9 + -210 + 89.
-122
What is -9 + (-3 - (2 - 5 - 10)) + -35?
-34
What is the value of 26 + (-21 + 36 + -22 - 9) + 73?
83
57 + 0 - (13 + -68 + 4 + 65)
43
Evaluate 11 + (-15 - -36 - 4 - 51).
-23
Evaluate 22 + -11 - 17 - (-2 + 4 + -8 + 1).
-1
Evaluate -84 + (19 - -25) + -2.
-42
Calculate (-1 - (1 + 2)) + (-130 - (-282 - -158)).
-10
0 - (-14 + (27 - 25 - (-16 - 3)))
-7
What is the value of -11 + 10 + (3 - 2) + -5 + -28?
-33
-5 + 45 + -56 + 0 + -7 + 2 + 53
32
What is the value of (45 + -1 - 4) + (847 - 832)?
55
Calculate 12 + (-51 + -1 - -51).
11
(-28 - (125 - 42)) + 68
-43
Evaluate -82 + (-34 - -98 - -56).
38
What is the value of (13 + -8 - 1 - (-1 - -2)) + -45?
-42
What is 9 + (-2 - 12 - (12 + -16 + -16))?
15
-68 - -32 - (-12 + -6) - -27
9
What is -9 + (15 + -2 - (80 - 68))?
-8
24 - (4 - 8 - (5 + -6)) - 9
18
What is the value of 5 - (-36 - (-80 - (20 - 36)))?
-23
11 + (4 - -3) + -119 + 130
29
Calculate -4 - (-72 - (-46 - -20)).
42
Calculate -51 + -4 + 8 - ((1 - (5 - 3)) + -6).
-40
Evaluate (-196 - -227) + -51 + (0 - 0) + 7.
-13
(-1 - -8 - (-91 + 100)) + (-5 - 22)
-29
What is the value of 140 + 0 - (-4966 - -5083)?
23
-9 + ((91 - 13) + -2 - (0 + 8))
59
Evaluate 14 + -20 - (8 + 1) - (-17 + 36 + -20).
-14
Evaluate -256 + 253 + (18 - -2) + -19 + -11 + 0.
-13
What is (-6 - 4) + (86 - 24) + -85?
-33
Calculate -82 - (-34 - (-36 - -84)).
0
Calculate (11 - 26) + (-2 - -7) + -14.
-24
Calculate 9861 + -9846 + (0 - 60) + 1.
-44
Evaluate -49 + 3 + 25 + -31 + -4.
-56
What is the value of -7 + -2 + -11 + 34 + -33?
-19
Calculate 490 - 508 - (0 + -15) - (35 + 0).
-38
Evaluate -32 + (85 + -82 - -18).
-11
1 - (10 + 13) - (-86 + 49)
15
Calculate -19 - (14 + 10 + -17 + -2).
-24
Evaluate (-130 - 10 - (-87 - -61)) + 8.
-106
(2 - 1) + (17 - (1 + 7) - 10)
0
Calculate -10 + 14 + -13 + (1 + -3 - -16) + -10.
-5
What is -19 + (4 + 44 - (78 - 58)) - 8?
1
42 + -32 - (8 + -4) - (31 + -56)
31
Calculate 3 + (35 - 15) + 6.
29
-11 + (5 + -2 - -4) + 65 + -40 + 34
55
Calculate (0 - (-1 + 1)) + (3076 - 3129).
-53
What is the value of 7 - 2 - (-3 + (-90 - -156) + (-1 - -16))?
-73
What is the value of (126 - 1) + (-74 + -59 - -95)?
87
What is 5 - 50 - (-79 + -15 + 52)?
-3
Calculate (-27 - 6) + 7 + -33 + 51 + -43.
-51
What is 50 + (53 - 33) - 126?
-56
Evaluate (0 + -1 - -18) + (-327 - -312).
2
Calculate -15 + (18 - (-2 - -32) - -29).
2
Evaluate 88 + (25 + -1 - (415 + -361)).
58
What is 16 - (20 + -30) - 51 - -28?
3
-3 + (-120 - (-31 - -23 - 23))
-92
What is 10 - 9 - -41 - (-19 - -10)?
51
What is 59 - (-30 + 1 + -757 + 797)?
48
What is 8 + (-7 - (15 - 23)) + (3 - 0 - -7)?
19
Evaluate -85 + -5 + -19 + (-159 - -141).
-127
What is the value of -23 + (31 - (21 - -41))?
-54
What is the value of -5 + -2 + 3 + 5 + 22 + 9 + 4?
36
What is the value of 27 + -2 - -3 - ((40 - 49) + 6)?
31
(6 - (-2 + 87 - -15)) + (15 + -8 - 16)
-103
What is 22 + -95 + 27 - (-9 + 33)?
-70
What is 22 + 1 - (238 + 183 + -438)?
40
What is -30 + -1 - (-56 + 50 + 2)?
-27
What is 99 + -62 + 65 + (3 - 3) + -20 + 16?
98
Calculate 46 - 86 - (1 - (-11 + 21)).
-31
Evaluate 16 + 0 - (40 - 31) - (32 - -24).
-49
Evaluate 32 - (64 - -20) - -54.
2
(-7 - (18 + -22 + -16) - 11) + 16
18
Evaluate -15 + 77 + -88 + 0 + 46 + -44.
-24
Calculate 1 - (-27 - -31 - (3 - 12)) - (0 + 1).
-13
What is the value of -86 + 86 + (2 - -8) + -23 - -55?
42
What is the value of (5 + -22 + 9 - 5) + 6 - -49?
42
What is (10 - 11) + 7 + -11 + 75?
70
What is -11 - (-1 + -8 + 2 + -3) - -40?
39
Calculate (-66 - (-4 - -51)) + 78.
-35
What is 165 + -153 + (3 - 1) + (0 - 5)?
9
Evaluate 8 + -53 + (39 - 98 - -44).
-60
What is the value of (-9 - (-28 + 2)) + (-2 - -2)?
17
What is the value of (-1 - (3 - (6 - 1))) + 9 - (-2 - -18)?
-6
Calculate 6 + (-22 - -9 - -3) + -28.
-32
Evaluate 14 + -6 + 8 + 2 + 1.
19
What is 28 + (12 - (-5 + (-6 + 9 + -5 - -20)))?
27
What is 0 + 32 - (-270 + 506 + -201)?
-3
-83 + -57 - (((7 - -3) + 0 - 0) + -18)
-132
Calculate (15 - 3) + (59 - ((-1 - 15) + 21 + -8)).
74
23 + 30 - (19 - -47)
-13
What is the value of 1 - 7 - (-11 - (9 + -15 + -2))?
-3
What is 389 + -500 + (11 - -32)?
-68
Calculate 25 + -10 + (64 - (-24 - (-17 + 14))).
100
Evaluate 28 + -2 + 5 + (7 - -12 - 12).
38
(30 - -9) + (-24 - (44 - 54))
25
What is 9 - (4 + -15 + (-4 - 3 - (22 - 30)))?
19
(-17 - ((1 + -123 - 19) + 17)) + -10
97
What is the value of (-30 - (0 - 1)) + 54 + (28 - (-24 - -106))?
-29
What is the value of 8 + 2 + -48 + -46 + (17 - 11)?
-78
Calculate (4 - (7 + -11)) + (-21 - (-12 - 2)).
1
Evaluate -19 + 7 - (-1 + 3 - -9).
-23
-353 + 431 + (-55 - 0)
23
(21 - (-21 + 25 + -20)) + -6
31
Evaluate 16 + -71 + -6 + 29 + -23.
-55
Evaluate -54 + 97 + -38 - -34.
39
(46 - (117 - 54)) + (-18 - -1)
-34
9 + 1 - 16 - (21 - (7 + 0))
-20
Calculate -11 + -11 + 41 + -4 + -6 + -62 + 13.
-40
What is 14 - (64 + (-94 - -43))?
1
What is (15 + -6 + 1 - (-112 + 19)) + 9?
112
-15 - (4 + (-15 + -1 + 5 - (-44 - -30)))
-22
What is 2 + (-44 - -21 - 11) - 1?
-33
What is the va